{"id":3344,"date":"2023-12-06T19:50:14","date_gmt":"2023-12-06T18:50:14","guid":{"rendered":"https:\/\/gioielleriamonilia.it\/?post_type=product&#038;p=3344"},"modified":"2024-06-03T21:59:56","modified_gmt":"2024-06-03T19:59:56","slug":"unoaerre-dinamica-collana-argentata","status":"publish","type":"product","link":"https:\/\/gioielleriamonilia.it\/index.php\/prodotto\/unoaerre-dinamica-collana-argentata\/","title":{"rendered":"Unoaerre Dinamica Collana Argentata"},"content":{"rendered":"<p>Collana catena quadra piatta, chiusura a moschettone e targhetta con logo Unoaerre. Misura 43,00 cm. Il design dalla linea audace, geometrica e minimal chic di questa collana cattura ogni sguardo senza bisogno di dettagli aggiuntivi n\u00e9 inutili decori. Protagonista assoluta \u00e8 la catena nella sua incredibile, sorprendente versatilit\u00e0.<\/p>\n","protected":false},"excerpt":{"rendered":"<ul class=\"list-marker\">\n<li>Materiale: Bronzo<\/li>\n<li>Colore: Argento<\/li>\n<\/ul>\n","protected":false},"featured_media":3346,"template":"","meta":{"om_disable_all_campaigns":false,"_uf_show_specific_survey":0,"_uf_disable_surveys":false},"pwb-brand":[139],"product_brand":[],"product_cat":[249,253,132,1329],"product_tag":[247,157,248,246],"class_list":{"0":"post-3344","1":"product","2":"type-product","3":"status-publish","4":"has-post-thumbnail","6":"pwb-brand-unoaerre","7":"product_cat-collane-gioielli-fashion","8":"product_cat-donna-gioielli-fashion","9":"product_cat-gioielli-fashion","10":"product_cat-unoaerre-fashion","11":"product_tag-bronzo","12":"product_tag-collana","13":"product_tag-gioielli","14":"product_tag-unoaerre","15":"description-off","17":"first","18":"instock","19":"sale","20":"taxable","21":"shipping-taxable","22":"purchasable","23":"product-type-simple"},"aioseo_notices":[],"brands":[{"id":139,"name":"Unoaerre","slug":"unoaerre"}],"_links":{"self":[{"href":"https:\/\/gioielleriamonilia.it\/index.php\/wp-json\/wp\/v2\/product\/3344","targetHints":{"allow":["GET"]}}],"collection":[{"href":"https:\/\/gioielleriamonilia.it\/index.php\/wp-json\/wp\/v2\/product"}],"about":[{"href":"https:\/\/gioielleriamonilia.it\/index.php\/wp-json\/wp\/v2\/types\/product"}],"wp:featuredmedia":[{"embeddable":true,"href":"https:\/\/gioielleriamonilia.it\/index.php\/wp-json\/wp\/v2\/media\/3346"}],"wp:attachment":[{"href":"https:\/\/gioielleriamonilia.it\/index.php\/wp-json\/wp\/v2\/media?parent=3344"}],"wp:term":[{"taxonomy":"pwb-brand","embeddable":true,"href":"https:\/\/gioielleriamonilia.it\/index.php\/wp-json\/wp\/v2\/pwb-brand?post=3344"},{"taxonomy":"product_brand","embeddable":true,"href":"https:\/\/gioielleriamonilia.it\/index.php\/wp-json\/wp\/v2\/product_brand?post=3344"},{"taxonomy":"product_cat","embeddable":true,"href":"https:\/\/gioielleriamonilia.it\/index.php\/wp-json\/wp\/v2\/product_cat?post=3344"},{"taxonomy":"product_tag","embeddable":true,"href":"https:\/\/gioielleriamonilia.it\/index.php\/wp-json\/wp\/v2\/product_tag?post=3344"}],"curies":[{"name":"wp","href":"https:\/\/api.w.org\/{rel}","templated":true}]}}