{"id":4661,"date":"2024-04-10T23:32:14","date_gmt":"2024-04-10T21:32:14","guid":{"rendered":"https:\/\/gioielleriamonilia.it\/?post_type=product&#038;p=4661"},"modified":"2024-11-04T11:28:20","modified_gmt":"2024-11-04T10:28:20","slug":"orologio-alviero-martini-prima-classe-cs-4705s-03m","status":"publish","type":"product","link":"https:\/\/gioielleriamonilia.it\/index.php\/prodotto\/orologio-alviero-martini-prima-classe-cs-4705s-03m\/","title":{"rendered":"Orologio Alviero Martini Prima Classe CS4705S\/03M"},"content":{"rendered":"<p>Orologio Alviero Martini Prima Classe CS4705S\/03M<\/p>\n<p>Orologio solo tempo da donna di Alviero Martini prima classe della collezione Salina. Quadrante di colore argento con vetro minerale. Orologio con cassa di diametro \u00d829 &#8211; 26mm. La cassa \u00e8 fatta in acciaio anallergico 316L,esagonale, di colore oro. Il cinturino \u00e8 in pelle con fantasia geo map classica. Movimento: VJ20. La resistenza all&#8217;acqua \u00e8 di 3 ATM. La referenza \u00e8 CS4705S\/03M<\/p>\n<div class=\"prodotto__descrizione-valori \">Questo solo tempo verr\u00e0 spedito con Scatola Originale Alviero Martini Prima Classe<\/div>\n","protected":false},"excerpt":{"rendered":"<ul>\n<li>Orologio solo tempo<\/li>\n<li>Impermeabilit\u00e0 3atm<\/li>\n<li>Garanzia 24 mesi<\/li>\n<\/ul>\n","protected":false},"featured_media":4663,"template":"","meta":{"om_disable_all_campaigns":false,"_uf_show_specific_survey":0,"_uf_disable_surveys":false},"pwb-brand":[227],"product_brand":[],"product_cat":[226,412,414,367,131,415,233],"product_tag":[230,585,229,228,231],"class_list":{"0":"post-4661","1":"product","2":"type-product","3":"status-publish","4":"has-post-thumbnail","6":"pwb-brand-alviero-martini","7":"product_cat-alviero-martini","8":"product_cat-comunioni-cresime","9":"product_cat-femminuccia","10":"product_cat-festa-della-mamma","11":"product_cat-orologi","12":"product_cat-orologi-comunioni-cresime","13":"product_cat-orologi-donna","14":"product_tag-alviero-martini","15":"product_tag-cs-4705s-03m","16":"product_tag-donna","17":"product_tag-orologio","18":"product_tag-prima-classe","19":"description-off","21":"first","22":"instock","23":"sale","24":"taxable","25":"shipping-taxable","26":"purchasable","27":"product-type-simple"},"aioseo_notices":[],"brands":[{"id":227,"name":"Alviero Martini","slug":"alviero-martini"}],"_links":{"self":[{"href":"https:\/\/gioielleriamonilia.it\/index.php\/wp-json\/wp\/v2\/product\/4661","targetHints":{"allow":["GET"]}}],"collection":[{"href":"https:\/\/gioielleriamonilia.it\/index.php\/wp-json\/wp\/v2\/product"}],"about":[{"href":"https:\/\/gioielleriamonilia.it\/index.php\/wp-json\/wp\/v2\/types\/product"}],"wp:featuredmedia":[{"embeddable":true,"href":"https:\/\/gioielleriamonilia.it\/index.php\/wp-json\/wp\/v2\/media\/4663"}],"wp:attachment":[{"href":"https:\/\/gioielleriamonilia.it\/index.php\/wp-json\/wp\/v2\/media?parent=4661"}],"wp:term":[{"taxonomy":"pwb-brand","embeddable":true,"href":"https:\/\/gioielleriamonilia.it\/index.php\/wp-json\/wp\/v2\/pwb-brand?post=4661"},{"taxonomy":"product_brand","embeddable":true,"href":"https:\/\/gioielleriamonilia.it\/index.php\/wp-json\/wp\/v2\/product_brand?post=4661"},{"taxonomy":"product_cat","embeddable":true,"href":"https:\/\/gioielleriamonilia.it\/index.php\/wp-json\/wp\/v2\/product_cat?post=4661"},{"taxonomy":"product_tag","embeddable":true,"href":"https:\/\/gioielleriamonilia.it\/index.php\/wp-json\/wp\/v2\/product_tag?post=4661"}],"curies":[{"name":"wp","href":"https:\/\/api.w.org\/{rel}","templated":true}]}}