{"id":8817,"date":"2025-05-06T15:11:36","date_gmt":"2025-05-06T13:11:36","guid":{"rendered":"https:\/\/gioielleriamonilia.it\/?post_type=product&#038;p=8817"},"modified":"2025-05-06T15:11:37","modified_gmt":"2025-05-06T13:11:37","slug":"orologio-tommy-hilfiger-donna-tea-1782791","status":"publish","type":"product","link":"https:\/\/gioielleriamonilia.it\/index.php\/prodotto\/orologio-tommy-hilfiger-donna-tea-1782791\/","title":{"rendered":"Orologio Tommy Hilfiger donna Tea 1782791"},"content":{"rendered":"<p>Orologio Tommy Hilfiger donna Tea 1782791<\/p>\n<p>Orologio 2h da donna di Tommy Hilfiger della collezione Tea. Orologio con cassa in acciaio inossidabile rettangolare di colore gold. Diametro: 21.3&#215;24.3mm. Il colore del quadrante \u00e8 verde matcha. Il cinturino \u00e8 in acciaio inossidabile di colore gold. La resistenza all&#8217;acqua \u00e8 3 ATM. La referenza \u00e8 1782791<\/p>\n<div class=\"prodotto__descrizione-valori \">Questo articolo verr\u00e0 spedito con Scatola Originale Tommy Hilfiger<\/div>\n","protected":false},"excerpt":{"rendered":"<ul>\n<li>Cassa 21,3&#215;24,3mm<\/li>\n<li>Color oro<\/li>\n<li>Resistente all&#8217;acqua 3 ATM<\/li>\n<\/ul>\n","protected":false},"featured_media":8818,"template":"","meta":{"om_disable_all_campaigns":false,"_uf_show_specific_survey":0,"_uf_disable_surveys":false},"pwb-brand":[371],"product_brand":[2012],"product_cat":[412,414,415,131,233,324],"product_tag":[2017,229,228,2016,372],"class_list":{"0":"post-8817","1":"product","2":"type-product","3":"status-publish","4":"has-post-thumbnail","6":"pwb-brand-tommy-hilfiger","7":"product_brand-tommy-hilfiger","8":"product_cat-comunioni-cresime","9":"product_cat-femminuccia","10":"product_cat-orologi-comunioni-cresime","11":"product_cat-orologi","12":"product_cat-orologi-donna","13":"product_cat-tommy-hilfiger","14":"product_tag-2017","15":"product_tag-donna","16":"product_tag-orologio","17":"product_tag-tea","18":"product_tag-tommy-hilfiger","19":"description-off","21":"first","22":"instock","23":"sale","24":"taxable","25":"shipping-taxable","26":"purchasable","27":"product-type-simple"},"aioseo_notices":[],"brands":[{"id":371,"name":"Tommy Hilfiger","slug":"tommy-hilfiger"}],"_links":{"self":[{"href":"https:\/\/gioielleriamonilia.it\/index.php\/wp-json\/wp\/v2\/product\/8817","targetHints":{"allow":["GET"]}}],"collection":[{"href":"https:\/\/gioielleriamonilia.it\/index.php\/wp-json\/wp\/v2\/product"}],"about":[{"href":"https:\/\/gioielleriamonilia.it\/index.php\/wp-json\/wp\/v2\/types\/product"}],"wp:featuredmedia":[{"embeddable":true,"href":"https:\/\/gioielleriamonilia.it\/index.php\/wp-json\/wp\/v2\/media\/8818"}],"wp:attachment":[{"href":"https:\/\/gioielleriamonilia.it\/index.php\/wp-json\/wp\/v2\/media?parent=8817"}],"wp:term":[{"taxonomy":"pwb-brand","embeddable":true,"href":"https:\/\/gioielleriamonilia.it\/index.php\/wp-json\/wp\/v2\/pwb-brand?post=8817"},{"taxonomy":"product_brand","embeddable":true,"href":"https:\/\/gioielleriamonilia.it\/index.php\/wp-json\/wp\/v2\/product_brand?post=8817"},{"taxonomy":"product_cat","embeddable":true,"href":"https:\/\/gioielleriamonilia.it\/index.php\/wp-json\/wp\/v2\/product_cat?post=8817"},{"taxonomy":"product_tag","embeddable":true,"href":"https:\/\/gioielleriamonilia.it\/index.php\/wp-json\/wp\/v2\/product_tag?post=8817"}],"curies":[{"name":"wp","href":"https:\/\/api.w.org\/{rel}","templated":true}]}}