{"id":9033,"date":"2025-05-12T16:01:41","date_gmt":"2025-05-12T14:01:41","guid":{"rendered":"https:\/\/gioielleriamonilia.it\/?post_type=product&#038;p=9033"},"modified":"2025-06-07T17:54:12","modified_gmt":"2025-06-07T15:54:12","slug":"collana-unoaerre-con-chiusura-gioiello-000exh5475000-2635","status":"publish","type":"product","link":"https:\/\/gioielleriamonilia.it\/index.php\/prodotto\/collana-unoaerre-con-chiusura-gioiello-000exh5475000-2635\/","title":{"rendered":"Collana Unoaerre con chiusura gioiello 000EXH5475000-2635"},"content":{"rendered":"<p>Collana Unoaerre con chiusura gioiello 000EXH5475000-2635<\/p>\n<div class=\"product attribute overview\">\n<div class=\"value\">Collana lunga in catena forzatina dorata con chiusura T-bar gioiello, misura 87,00 cm. La linea semplice ed essenziale della catena forzatina si unisce alla chiusura T-bar gioiello per un mix dal carattere fluido capace di riflettere mille sfaccettature e differenti personalit\u00e0. Design androgino ed elegante per un gioiello che \u00e8 molto pi\u00f9 di un semplice accessorio ed offre una chiave d&#8217;espressione personale.<\/div>\n<\/div>\n","protected":false},"excerpt":{"rendered":"<ul>\n<li>Materiale Bronzo<\/li>\n<li>Misura 87cm<\/li>\n<li>Dorata<\/li>\n<\/ul>\n","protected":false},"featured_media":9035,"template":"","meta":{"om_disable_all_campaigns":false,"_uf_show_specific_survey":0,"_uf_disable_surveys":false},"pwb-brand":[139],"product_brand":[2036],"product_cat":[249,253,132,1329],"product_tag":[2091,247,157,229,246],"class_list":{"0":"post-9033","1":"product","2":"type-product","3":"status-publish","4":"has-post-thumbnail","6":"pwb-brand-unoaerre","7":"product_brand-unoaerre","8":"product_cat-collane-gioielli-fashion","9":"product_cat-donna-gioielli-fashion","10":"product_cat-gioielli-fashion","11":"product_cat-unoaerre-fashion","12":"product_tag-000exh5475000-2635","13":"product_tag-bronzo","14":"product_tag-collana","15":"product_tag-donna","16":"product_tag-unoaerre","17":"description-off","19":"first","20":"outofstock","21":"sale","22":"taxable","23":"shipping-taxable","24":"purchasable","25":"product-type-simple"},"aioseo_notices":[],"brands":[{"id":139,"name":"Unoaerre","slug":"unoaerre"}],"_links":{"self":[{"href":"https:\/\/gioielleriamonilia.it\/index.php\/wp-json\/wp\/v2\/product\/9033","targetHints":{"allow":["GET"]}}],"collection":[{"href":"https:\/\/gioielleriamonilia.it\/index.php\/wp-json\/wp\/v2\/product"}],"about":[{"href":"https:\/\/gioielleriamonilia.it\/index.php\/wp-json\/wp\/v2\/types\/product"}],"wp:featuredmedia":[{"embeddable":true,"href":"https:\/\/gioielleriamonilia.it\/index.php\/wp-json\/wp\/v2\/media\/9035"}],"wp:attachment":[{"href":"https:\/\/gioielleriamonilia.it\/index.php\/wp-json\/wp\/v2\/media?parent=9033"}],"wp:term":[{"taxonomy":"pwb-brand","embeddable":true,"href":"https:\/\/gioielleriamonilia.it\/index.php\/wp-json\/wp\/v2\/pwb-brand?post=9033"},{"taxonomy":"product_brand","embeddable":true,"href":"https:\/\/gioielleriamonilia.it\/index.php\/wp-json\/wp\/v2\/product_brand?post=9033"},{"taxonomy":"product_cat","embeddable":true,"href":"https:\/\/gioielleriamonilia.it\/index.php\/wp-json\/wp\/v2\/product_cat?post=9033"},{"taxonomy":"product_tag","embeddable":true,"href":"https:\/\/gioielleriamonilia.it\/index.php\/wp-json\/wp\/v2\/product_tag?post=9033"}],"curies":[{"name":"wp","href":"https:\/\/api.w.org\/{rel}","templated":true}]}}